{"id":11,"date":"2024-01-18T18:19:26","date_gmt":"2024-01-18T18:19:26","guid":{"rendered":"http:\/\/wp.von-den-ohrewiesen.de\/?page_id=11"},"modified":"2024-02-04T19:19:20","modified_gmt":"2024-02-04T19:19:20","slug":"impressum","status":"publish","type":"page","link":"https:\/\/www.von-den-ohrewiesen.de\/?page_id=11","title":{"rendered":"Impressum"},"content":{"rendered":"<div>\n<p>Verantwortlich f\u00fcr den Inhalt dieser Seiten<\/p>\n<p>&nbsp;<\/p>\n<p>Carmen und Mike Willecke<br \/>\nAnschrift: Kastanienweg 3<br \/>\nPLZ\/Ort : 39326 Hohe B\u00f6rde, OT Hermsdorf<br \/>\nTelefon :\u00a0 039 206-62 870<\/p>\n<p>&nbsp;<\/p>\n<p>E-Mail: <span id=\"cloak35d0a047711d9526cee6d139e5602fba\"><a href=\"mailto:carmen@von-den-ohrewiesen.de\">carmen@von-den-ohrewiesen.de<\/a><\/span><\/p>\n<p><span lang=\"en-US\">Homepage: <a href=\"http:\/\/www.von-den-ohrewiesen.de\">www.von-den-ohrewiesen.de<\/a><\/span><\/p>\n<p lang=\"en-US\">\n<p>Copyright, Urheberrecht<\/p>\n<p>f\u00fcr enthaltene Texte und Fotos allein bei Carmen und Mike Willecke. Der Inhalt dieser Seiten darf ohne schriftliche Genehmigung weder<\/p>\n<ul>\n<li>\u00a0\u00a0\u00a0\u00a0\u00a0\u00a0\u00a0 kopiert<\/li>\n<li>\u00a0\u00a0\u00a0\u00a0\u00a0\u00a0\u00a0 ver\u00e4ndert<\/li>\n<li>\u00a0\u00a0\u00a0\u00a0\u00a0\u00a0\u00a0 verbreitet<\/li>\n<\/ul>\n<p>werden.<\/p>\n<p>Inhalte Dritter sind gesondert gekennzeichnet und unterliegen deren Urheberrecht. F\u00fcr die Nutzung liegt eine Genehmigung vor.<\/p>\n<p>&nbsp;<\/p>\n<p>Haftungsausschlu\u00df:<\/p>\n<p>Unsere Homepage enth\u00e4lt Links zu anderen Webseiten, auf deren Inhalt haben wir keinen Einflu\u00df. Daf\u00fcr ist allein der Domainbetreiber verantwortlich. Diese Erkl\u00e4rung gilt ausdr\u00fccklich f\u00fcr alle Links einschlie\u00dflich deren weiterer Verlinkung<br \/>\n(Urteil vom 12.05.1998, 312 O 85\/98, &#8222;Haftung f\u00fcr Links&#8220;, Landgericht Hamburg).<\/p>\n<p>Zum Zeitpunkt der Verlinkung waren auf den Seiten keine Rechtswidrigen Inhalte erkennbar. Werden zu einem sp\u00e4teren Zeitpunkt Solche bekannt, werden wir diesen Link umgehend von unserer Homepage entfernen.<\/p>\n<\/div>\n","protected":false},"excerpt":{"rendered":"<p>Verantwortlich f\u00fcr den Inhalt dieser Seiten &nbsp; Carmen und Mike Willecke Anschrift: Kastanienweg 3 PLZ\/Ort : 39326 Hohe B\u00f6rde, OT Hermsdorf Telefon :\u00a0 039 206-62 870 &nbsp; E-Mail: carmen@von-den-ohrewiesen.de Homepage: www.von-den-ohrewiesen.de Copyright, Urheberrecht f\u00fcr enthaltene Texte und Fotos allein bei Carmen und Mike Willecke. Der Inhalt dieser Seiten darf ohne schriftliche Genehmigung weder \u00a0\u00a0\u00a0\u00a0\u00a0\u00a0\u00a0 kopiert [&hellip;]<\/p>\n","protected":false},"author":3,"featured_media":0,"parent":0,"menu_order":0,"comment_status":"closed","ping_status":"closed","template":"","meta":{"footnotes":""},"class_list":["post-11","page","type-page","status-publish","hentry","post"],"_links":{"self":[{"href":"https:\/\/www.von-den-ohrewiesen.de\/index.php?rest_route=\/wp\/v2\/pages\/11","targetHints":{"allow":["GET"]}}],"collection":[{"href":"https:\/\/www.von-den-ohrewiesen.de\/index.php?rest_route=\/wp\/v2\/pages"}],"about":[{"href":"https:\/\/www.von-den-ohrewiesen.de\/index.php?rest_route=\/wp\/v2\/types\/page"}],"author":[{"embeddable":true,"href":"https:\/\/www.von-den-ohrewiesen.de\/index.php?rest_route=\/wp\/v2\/users\/3"}],"replies":[{"embeddable":true,"href":"https:\/\/www.von-den-ohrewiesen.de\/index.php?rest_route=%2Fwp%2Fv2%2Fcomments&post=11"}],"version-history":[{"count":1,"href":"https:\/\/www.von-den-ohrewiesen.de\/index.php?rest_route=\/wp\/v2\/pages\/11\/revisions"}],"predecessor-version":[{"id":12,"href":"https:\/\/www.von-den-ohrewiesen.de\/index.php?rest_route=\/wp\/v2\/pages\/11\/revisions\/12"}],"wp:attachment":[{"href":"https:\/\/www.von-den-ohrewiesen.de\/index.php?rest_route=%2Fwp%2Fv2%2Fmedia&parent=11"}],"curies":[{"name":"wp","href":"https:\/\/api.w.org\/{rel}","templated":true}]}}